is divided by 8.
7
Suppose -4*m + 0*m = -20. Let a = -32 - -35. Suppose 0 = 5*o + 4*c - 126, 5*c + 60 = a*o + 14. Calculate the remainder when o is divided by m.
2
Let i(l) = -9*l - 159. Let g(z) = 20*z**3 - z**2 + 1. Let b be g(-1). Let k = b - -30. Calculate the remainder when i(-22) is divided by k.
9
Let s = -382 + 441. What is the remainder when 468 is divided by s?
55
What is the remainder when (-12)/18*(294/(-4) - 0) is divided by 24?
1
Let d(z) = 7*z - 31. Let x be d(5). Suppose -2*j = -9*s + x*s - 111, -j = 5*s - 18. Calculate the remainder when j is divided by 16.
11
Suppose c + 25 = 3*m, m - 9 = 4*c - 3*c. Let y = 11 - m. What is the remainder when 19 is divided by 2 + -1 + 3 + y?
5
Suppose 5*p - 51 - 14 = 0. Let v = p + -8. Calculate the remainder when v is divided by 2.
1
Let g = 3 + -1. Suppose -g*h - 10 + 30 = 0. Suppose 0 = -7*m - 15*m + 594. Calculate the remainder when m is divided by h.
7
Let y be 9/(-9)*(0 - -89). Let c = -75 - y. Calculate the remainder when c is divided by 8.
6
Suppose -23*t = -27*t - 9564. Let p = 1381 + t. What is the remainder when (-2)/(-13) - p/26 is divided by 21?
18
Let x be (-2)/(-4) - (-1085)/14. Suppose -6*d = -0*d - x. Let t = -85 + 135. What is the remainder when t is divided by d?
11
Let v = -1272 - -1298. Calculate the remainder when 64 is divided by v.
12
Suppose 3*m + 30 = m. Let i(a) = -a**2 - 15*a + 18. Calculate the remainder when 34 is divided by i(m).
16
What is the remainder when 123 is divided by 30 + -2 + 20/(-4)?
8
Suppose 77*y - 8912 = 54767. What is the remainder when y is divided by 36?
35
Calculate the remainder when (-609)/(-14)*8/6 is divided by 10.
8
Suppose 0 = -v + 14 + 2. Let y be 76/v + 2/8. Let s(r) = 5*r + 6. What is the remainder when 122 is divided by s(y)?
29
Let f(n) = 2*n + 53. What is the remainder when f(-12) is divided by -7 + (-2 - -6) - -9?
5
Let r(w) = -8*w - 20. Let p be -10 + -4*(4/2)/(-4). Calculate the remainder when r(p) is divided by 15.
14
Let q(o) = o**3 - 9*o**2 + 15*o + 11. Calculate the remainder when 71 is divided by q(7).
17
Suppose 0*q = 7*q - 14. Suppose -2*v = 4*y - 26, 0 = 6*v - v + q*y - 25. Calculate the remainder when 3 is divided by v.
0
Let j = 22 - 27. Calculate the remainder when 48 is divided by (((-5)/j)/(-2))/(2/(-72)).
12
What is the remainder when (-426*1/(-8))/((-3)/(-12)) is divided by 43?
41
Let n(m) = 8*m**2 + 3*m + 5. Calculate the remainder when 37 is divided by n(-1).
7
Suppose -4*p - 5*t + 206 = 0, 60 = p - 4*t + t. Calculate the remainder when 68 is divided by p.
14
What is the remainder when 187 is divided by (9/(108/152))/((-6)/(-18))?
35
Suppose 27*b - 929 - 664 = 0. What is the remainder when 181 is divided by b?
4
Suppose 14 = -8*z + 10*z. What is the remainder when 26 is divided by z?
5
Suppose 1293*d - 321 = 1290*d. What is the remainder when d is divided by 20?
7
Suppose 0 = -3*a + 4*g + 20, -2*g = 4*a - 0*g - 34. Let y(p) = 19*p**2 - 1. What is the remainder when y(1) is divided by a?
2
Let q = 30 - 30. Suppose q*f - 2*p = -f + 27, 5*f - 183 = -2*p. What is the remainder when f is divided by 19?
16
Suppose -14*c + 587 = -659. What is the remainder when c is divided by 51?
38
Let t(y) = -y**2 + 19*y + 24. Let v(b) = 3*b**3 - 2*b**2 - 2*b + 3. Suppose -2*i - 6 = -5*i. What is the remainder when v(i) is divided by t(20)?
3
Suppose 3*t - 3 - 66 = 0. Suppose 99*h = 67*h + 256. What is the remainder when t is divided by h?
7
Let v(n) = -2*n**2 - 21*n + 26. Let c be v(-11). Let t = c + 38. Suppose 2*a - a = 2*i - 27, 5*i - a - 69 = 0. What is the remainder when t is divided by i?
11
Suppose -5*y + 38 = -62. Let c = 22 - y. What is the remainder when 8 is divided by c?
0
Suppose -19*n = 882 - 4093. Let g = 174 - n. Let v = 8 - -1. What is the remainder when v is divided by g?
4
Suppose -2*m + b = -6*m - 4, 0 = 5*b. Let g = m + 1. Suppose a + 4*n = 10, 2*a + n - 1 - 47 = g. What is the remainder when a is divided by 9?
8
Let r be (2 - 3) + (3 - 1). Let c(w) = 3*w + 0*w + 13*w**2 + 6*w**2 - 4*w. Calculate the remainder when 51 is divided by c(r).
15
Suppose 53*n = 64*n - 143. Suppose 0*r + 16 = 4*r. What is the remainder when n is divided by r?
1
Suppose -4*t + 8*t = 41684. Suppose -5*k = -1236 + t. What is the remainder when (-2)/(-6) - k/33 is divided by 19?
18
Let o(u) = -u**3 - 2*u**2 + 5. Calculate the remainder when o(0) is divided by 5.
0
Let y be 130/6 + 2/(-3). Calculate the remainder when 11 is divided by y/6 - (-1)/2.
3
Let s(u) = 9*u + 133. What is the remainder when 167 is divided by s(-12)?
17
Let z(m) = m**3 - 9*m**2 + 13*m - 20. Let g(r) = 3*r**2 - 4*r + 7. Let y(d) = 8*g(d) + 3*z(d). Calculate the remainder when y(3) is divided by 36.
35
Let r be -2*(-5 - -3) - 4. Let z be (-1)/(-1 - r) - -1. Calculate the remainder when 62 is divided by (-2)/z*-8*2.
14
Let y be 40/(-16) - 6/4. Let m be 21/y*24/(-9). Let l = 5 + m. Calculate the remainder when 55 is divided by l.
17
What is the remainder when (1 - 4) + -3*(-480)/9 is divided by 34?
21
Suppose -2*g = -70 - 56. Suppose 62*c = g*c - 37. What is the remainder when c is divided by 10?
7
Let u = 206 + -120. Let p = u - 61. What is the remainder when p is divided by 14?
11
Let f(c) = c**2 + 4*c + 4. Let b be f(4). Suppose -35*t - 8 = -b*t. What is the remainder when t is divided by 5?
3
Suppose -3*w + 3 + 9 = 0. What is the remainder when (-2 - 22/8)*116/(-29) is divided by w?
3
Suppose 0*r = -3*r - 2*l + 55, 2*r + 5*l = 33. Suppose 14*o - 24*o = -50. Calculate the remainder when r is divided by o.
4
Let f be 135/5 - (-5 - -8). Suppose -16*q - 800 = -f*q. Calculate the remainder when q is divided by 53.
47
Let u = 664 - 583. Calculate the remainder when u is divided by 32.
17
Suppose -4*n + 4 = 0, -5*m - 3*n + 390 = 2*n. Calculate the remainder when m is divided by 16.
13
Suppose 0 = 5*t - 115 - 25. Calculate the remainder when (-18)/117 + (-1419)/(-13) is divided by t.
25
Let d = 1 + 211. Suppose -6*o + d = -2*o. Calculate the remainder when o is divided by 18.
17
Suppose -546 = 35*q - 49*q. What is the remainder when 77 is divided by q?
38
Suppose 0*l - 2*b - 47 = -l, -4*l - 5*b = -214. What is the remainder when l is divided by 4 + (-152)/(-20) + 42/30?
12
Suppose -3*w + i + 13 = -3, -4*w + 2*i + 22 = 0. Suppose 5*d = -0*d + 10, -w*d = -2*a + 102. Calculate the remainder when a is divided by 19.
18
What is the remainder when 76 + (3 - (7 + -6)*4) is divided by 2/3 - 76/(-3)?
23
Let q be 1*(1 + 0 + 2). Suppose q*v - 102 = -9. What is the remainder when (-8 + -176)*1/(-2) is divided by v?
30
Let d be 2/(-4)*(-7)/(21/366). Suppose -5*p = x + 7, p - d = -6*x + x. Calculate the remainder when x is divided by 4.
1
Suppose -15*j = -17*j + 46. Calculate the remainder when 89 is divided by j.
20
Let z be (-588)/(-21) + -2 + (-3 - -2). Suppose -3*p + 2*o + 65 = 0, -2*p + 4*o = -z - 21. Calculate the remainder when p is divided by 13.
8
Let q = -2278 + 2344. What is the remainder when q is divided by 23?
20
Calculate the remainder when ((-2)/4)/((-107685)/(-9790) - 11) is divided by 70.
69
Let c = -200 - -350. Calculate the remainder when c is divided by 27.
15
Suppose -24 = -n + w - 6*w, 0 = n + 2*w - 27. Calculate the remainder when n is divided by 9.
2
Suppose -5*b + 16*b = 26092. What is the remainder when b is divided by 25?
22
Let b(v) = v**3 - 40*v**2 + 4*v - 155. What is the remainder when 177 is divided by b(40)?
2
Suppose -3*f - 78 = -6*f. Suppose -z = -3*o + 380, -2*z + 114 = -2*o + 362. Calculate the remainder when o is divided by f.
24
Let r = 23 + -20. What is the remainder when 54 is divided by 13 + -2*r/(-6)?
12
Let a(n) = -7*n**3 - 4*n**3 - 4*n + 5*n**2 + 4 + 10*n**3. Calculate the remainder when 8 is divided by a(4).
0
Let c = 636 - 470. What is the remainder when c is divided by 85?
81
Let r be (-1647)/21 - (-9)/21. Let h = r + 84. What is the remainder when (-92)/(-6) + 1/(-3) is divided by h?
3
Suppose 4*c = -c + 2*o + 4, 0 = -2*c - o + 7. What is the remainder when 567/7 - 2*c is divided by 40?
37
Let h(f) = 6*f**2 + 34*f + 1. Suppose -5*v + 4*b + 61 = -0*b, 0 = 5*b - 5. Suppose -4*c + 83 + v = 0. Calculate the remainder when c is divided by h(-6).
11
Suppose 4*x - 4*l - 88 = 0, -2*x - 5*l + 3*l = -36. Let t be x - (48/(-4))/(-4). Suppose f =